base 6?
304555
594 (base 12) to base 15
3a7
Convert -4c (base 14) to base 8.
-104
Convert 4000 (base 5) to base 10.
500
What is 167 (base 10) in base 14?
bd
What is 3422 (base 5) in base 10?
487
10022120 (base 3) to base 15
ab3
-bb (base 13) to base 9
-181
973 (base 10) to base 8
1715
14359 (base 10) to base 7
56602
What is -11375 (base 8) in base 15?
-1691
7582 (base 11) to base 6
114204
42aa (base 14) to base 2
10110011111110
Convert 1401 (base 15) to base 12.
2584
3555 (base 6) to base 8
1537
332233 (base 4) to base 6
30331
-4544 (base 14) to base 15
-3861
What is -1663 (base 7) in base 10?
-682
Convert -322 (base 12) to base 14.
-24a
69 (base 11) to base 14
55
What is 1211122 (base 3) in base 5?
20330
Convert -2341 (base 5) to base 11.
-295
What is 5100 (base 11) in base 4?
1221320
-16330 (base 7) to base 5
-122002
What is -4041 (base 10) in base 11?
-3044
Convert 163542 (base 8) to base 10.
59234
8672 (base 12) to base 11
10111
What is -11450 (base 15) in base 4?
-31122333
a50d (base 14) to base 4
12330101
Convert 303333 (base 5) to base 15.
2db3
What is -10103 (base 5) in base 8?
-1215
Convert -11031210 (base 4) to base 16.
-5364
Convert 72266 (base 8) to base 4.
13102312
What is 1420 (base 6) in base 11?
309
What is -6212 (base 9) in base 5?
-121142
-46c (base 15) to base 7
-2631
What is -242 (base 7) in base 14?
-92
3278 (base 12) to base 4
1112330
Convert 171 (base 13) to base 14.
149
Convert -1902 (base 12) to base 6.
-22002
Convert -1c02 (base 15) to base 2.
-1011110111101
Convert -10895 (base 12) to base 13.
-a025
Convert -5046a (base 11) to base 3.
-10202012001
What is 76b (base 13) in base 7?
3465
What is -3790 (base 10) in base 5?
-110130
103423 (base 7) to base 16
4681
-32114 (base 5) to base 4
-201233
What is -42132 (base 5) in base 2?
-101011101000
Convert 1168 (base 11) to base 2.
10111110110
What is -110101100011 (base 2) in base 8?
-6543
29a (base 15) to base 8
1123
Convert -1068 (base 15) to base 13.
-1772
-2300 (base 4) to base 15
-bb
Convert 202220102 (base 3) to base 12.
899b
-375 (base 9) to base 5
-2221
What is -2033311 (base 4) in base 9?
-13557
What is 14337 (base 8) in base 15?
1d47
-4122 (base 5) to base 3
-201220
Convert -322025 (base 6) to base 15.
-7c2e
Convert 42c (base 15) to base 9.
1256
Convert 4b6 (base 16) to base 5.
14311
Convert c98 (base 14) to base 8.
4666
Convert 1389 (base 10) to base 11.
1053
Convert 110505 (base 6) to base 12.
5435
Convert 3905 (base 13) to base 15.
2612
What is -b49 (base 12) in base 9?
-2223
112112210 (base 3) to base 2
10100101101101
What is 58a9 (base 11) in base 9?
11552
What is -44fb (base 16) in base 12?
-a277
What is -142 (base 5) in base 9?
-52
188 (base 9) to base 7
320
What is -14a18 (base 12) in base 2?
-111000110110100
What is -13020 (base 8) in base 3?
-21202012
What is -10 (base 15) in base 14?
-11
4af5 (base 16) to base 11
13465
Convert 1018 (base 14) to base 12.
1726
Convert -1338 (base 9) to base 13.
-5c6
-21462 (base 8) to base 4
-2030302
Convert 3311 (base 6) to base 3.
1001021
Convert dd (base 15) to base 8.
320
What is -6b2 (base 15) in base 5?
-22032
Convert 22279 (base 11) to base 4.
13320100
Convert 137a9 (base 14) to base 12.
23a61
What is 50523 (base 6) in base 4?
1220103
Convert 11705 (base 8) to base 16.
13c5
What is 5235 (base 7) in base 9?
2463
-1146 (base 13) to base 5
-34144
Convert -389 (base 11) to base 6.
-2044
Convert -3159 (base 16) to base 2.
-11000101011001
Convert -1732 (base 15) to base 11.
-3833
Convert -56 (base 16) to base 2.
-1010110
Convert -11410 (base 8) to base 9.
-6613
-44453 (base 7) to base 4
-2233022
687 (base 11) to base 4
30311
What is -47ae (base 16) in base 12?
-a752
-1884 (base 9) to base 16
-5ad
41b (base 14) to base 15
38e
Convert 4788 (base 14) to base 11.
9405
Convert 2011120 (base 3) to base 7.
4416
What is -104414 (base 5) in base 8?
-7226
What is 87568 (base 9) in base 13?
20570
What is -114312 (base 5) in base 10?
-4332
-42 (base 16) to base 11
-60
What is -121030 (base 5) in base 6?
-32523
Convert -48e (base 15) to base 12.
-722
Convert -6e3 (base 15) to base 6.
-11123
What is -4b46 (base 16) in base 14?
-7046
-553 (base 10) to base 15
-26d
What is 133020 (base 5) in base 2?
1010100001001
What is 130131 (base 4) in base 3?
2111110
Convert 15942 (base 10) to base 15.
4acc
34354 (base 7) to base 2
10001000111001
What is 1aa (base 16) in base 12?
2b6
What is -10100001011 (base 2) in base 3?
-1202211
What is -33301 (base 4) in base 7?
-2641
What is -1810 (base 11) in base 7?
-6510
Convert b89 (base 13) to base 14.
a0c
Convert 4312 (base 13) to base 3.
110202211
What is -1301 (base 4) in base 6?
-305
Convert 1115 (base 9) to base 5.
11244
Convert 5533 (base 7) to base 12.
1194
122013 (base 4) to base 9
2256
-17442 (base 10) to base 15
-527c
Convert -1135003 (base 6) to base 9.
-100433
Convert -1e41 (base 16) to base 9.
-11555
Convert 218a (base 11) to base 9.
3851
-1812 (base 15) to base 7
-21065
2b37 (base 15) to base 6
110541
-a2b (base 15) to base 8
-4363
What is -1a6 (base 14) in base 11?
-291
What is -177156 (base 8) in base 14?
-19a46
2205 (base 14) to base 8
13375
Convert 1010101100 (base 2) to base 4.
22230
Convert 662 (base 7) to base 14.
1a2
-1830 (base 12) to base 13
-1434
Convert -5966 (base 11) to base 10.
-7816
Convert -410443 (base 7) to base 16.
-110e0
Convert 462 (base 11) to base 15.
26c
Convert 445 (base 7) to base 15.
104
Convert -2111021120 (base 3) to base 6.
-1015023
3213 (base 4) to base 9
276
Convert 562 (base 9) to base 6.
2045
-11011000000 (base 2) to base 13
-a2c
Convert c3c (base 14) to base 4.
211212
What is 799c (base 16) in base 15?
9357
What is -1795 (base 12) in base 10?
-2849
Convert -4645 (base 10) to base 4.
-1020211
What is 549 (base 13) in base 3?
1020120
-823 (base 12) to base 10
-1179
Convert -8244 (base 15) to base 6.
-331214
Convert -1011011110110111 (base 2) to base 15.
-de06
Convert -161a (base 12) to base 13.
-1261
What is -1053 (base 6) in base 11?
-207
What is 27660 (base 9) in base 6?
222513
Convert 266 (base 12) to base 13.
222
1144044 (base 5) to base 3
1002212110
Convert 200 (base 6) to base 3.
2200
What is 5354 (base 7) in base 16?
76d
What is -31313 (base 6) in base 2?
-1000001111101
Convert 111 (base 14) to base 4.
3103
Convert -1225 (base 8) to base 3.
-220111
What is 10101001010 (base 2) in base 13?
802
Convert c7 (base 16) to base 7.
403
Convert 303203 (base 4) to base 8.
6343
-313033 (base 4) to base 12
-2067
Convert -12001010 (base 3) to base 8.
-7133
101200010 (base 3) to base 4
1321203
What is 101 (base 13) in base 11?
145
What is -3022 (base 4) in base 15?
-d7
Convert 12320 (base 4) to base 3.
121022
Convert 11000110101 (base 2) to base 8.
3065
7b6 (base 15) to base 9
2350
What is -1033 (base 4) in base 16?
-4f
-10001120 (base 4) to base 16
-4058
5467 (base 10) to base 6
41151
-10110000101 (base 2) to base 8
-2605
What is 1071 (base 9) in base 6?
3401
Convert -133 (base 14) to base 7.
-463
What is -114215 (base 7) in base 12?
-bb82
Convert -11b5 (base 13) to base 10.
-2514
What is -dae (base 15) in base 12?
-1955
What is -20122 (base 3) in base 10?
-179
What is -219 (base 14) in base 12?
-2a7
Convert -1240 (base 5) to base 15.
-d0
1100010001111 (base 2) to base 13
2b28
217 (base 8) to base 14
a3
Convert 21102001 (base 3) to base 2.
1010100011001
26a (base 11) to base 7
633
22 (base 10) to base 3
211
What is 101101111 (base 2) in base 5?
2432
Convert -1031120 (base 4) to base 3.
-20210102
Convert 11102201 (base 3) to base 9.
4381
27527 (base 9) to base 11
1301a
Convert -1401 (base 5) to base 13.
-145
-14030 (base 6) to base 9
-2880
Convert -321 (base 6) to base 5.
-441
Convert 23637 (base 8) to base 2.
10011110011111
-2312 (base 4) to base 5
-1212
Convert -b4 (base 14) to base 3.
-12212
Convert -103341 (base 5) to base 3.
-11221012
What is 27594 (base 11) in base 13?
14b78
What is 3af2 (base 16) in base 4?
3223302
What is -1010111001111000 (base 2) in base 7?
-244134
Convert -3851 (base 10) to base 5.
-110401
-c12 (base 15) to base 4
-222131
Convert -20000201 (base 4) to base 15.
-9abb
165 (base 7) to base 5
341
6170 (base 12) to base 9
15473
What is 3bc (base 14) in base 11?
626
What is -33a1 (base 14) in base 6?
-105253
-232 (base 6) to base 13
-71
W